q(m) - 2*s(m). Let d = 33 - 38. What is j(d)?
-1
Let j(t) = 2*t**3 + 82*t**2 - 3*t**3 + 3 - 88*t**2. Let d(k) = 3*k - 4. Let s be d(3). Let i be (18/15)/((-1)/s). Give j(i).
3
Let v(z) be the third derivative of -z**4/6 - 7*z**3/6 + 160*z**2 - 1. Determine v(0).
-7
Suppose 3*v - 2*f - 15 = 0, -2*f + 24 = 5*v - 5*f. Suppose -2*j = j - v. Let u(o) be the third derivative of o**6/20 + o**4/24 + 2*o**2. What is u(j)?
7
Let f(t) be the first derivative of -t**2 - 8*t + 279. Determine f(-4).
0
Let g(w) = 8*w + 41. Let f be (1 - (-60)/(-10))/(3 + -2). Determine g(f).
1
Let i(q) = -36*q + 46. Let p(r) = 13*r - 16. Let l(h) = 4*i(h) + 11*p(h). Let x be 115/25 + (-6)/(-15). What is l(x)?
3
Let o(k) = 11*k**2 - 7*k - 6. Let a(b) = b**2 + 17*b - 19. Let j be a(-18). Let t(g) = -g**2 + g + 1. Let d(z) = j*o(z) - 6*t(z). Give d(-1).
-6
Suppose -4 - 8 = -3*h. Suppose -2*n = 16 - h. Let z(q) be the second derivative of -q**3/3 - 5*q**2/2 - 6*q. Determine z(n).
7
Let f be (-15)/(-6)*48/(-60). Let j(t) = -5*t - 3. Give j(f).
7
Let r(p) = p**2 - 6*p + 19. Let d(c) = -c**2 + 7*c - 21. Let v(f) = -5*d(f) - 6*r(f). What is v(0)?
-9
Suppose 0 = -a - a. Let s(w) be the first derivative of w**2/2 - 12*w - 325. What is s(a)?
-12
Let d be 2572/(-20) - -5 - (-4)/(-10). Let j = 126 + d. Let h(z) = 2*z**3 - 2*z**2 + z + 1. What is h(j)?
11
Let i be (6/(-9))/(4/42). Let z be (-89)/i - 8/(-28). Suppose -3 = 3*n + 5*y, z = -3*y + 4. Let x(q) = -q**2 + 5*q + 3. Determine x(n).
7
Let p(d) = 3 + d**3 + 12*d + 3 - 3 - 15*d. Suppose 5*o + 11 = 5*y + 6*o, y - 11 = 2*o. Calculate p(y).
21
Let f(t) = t**2 - t + 2. Let n(z) = -z + 2. Let p(u) = 3*f(u) - 4*n(u). Let o = -32 - -8. Let w = o + 22. Determine p(w).
8
Let j(y) = -y**3 + 8*y**2 - 7. Let n = 852 + -844. Calculate j(n).
-7
Let i be 7*(-12)/(-42) + (-6)/(-2). Let r(x) = x**3 - 7*x**2 + 6*x - 1. What is r(i)?
-21
Let f = -2 + 12. Let t(r) = 7*r + 7. Let y(k) = 12*k + 14. Let i(d) = -7*t(d) + 4*y(d). What is i(f)?
-3
Let i(s) = -s**2 + 6*s - 5. Let h = 33 + -72. Let q = h + 45. What is i(q)?
-5
Let o be (9 + (-64)/8)/(-4 - -3). Let n(h) be the first derivative of h**2/2 - 1. Let w(b) = -6*b. Let p(u) = o*w(u) - 2*n(u). Calculate p(-3).
-12
Let p(h) = -h**3 + 7*h**2 + 10*h - 18. Suppose -3*f + 39 = -0*f + 3*s, -4*f - 2*s + 42 = 0. Calculate p(f).
-2
Suppose -2*u - 3 + 11 = 0. Suppose u*q = 2*q. Let a(j) = j**2 + 2*j - 5. Let l(p) = 4*p**2 + 9*p - 19. Let m(r) = 9*a(r) - 2*l(r). Give m(q).
-7
Let f(z) = 2*z + 1. Let p(d) = -d + 7. Let m(l) = -l + 1. Let k be m(-2). Let u be p(k). Suppose u*c - 7 - 1 = 0. Give f(c).
5
Let w = -46 + 48. Let u(r) = -122*r**w + 117*r**2 - r**3 - 1 - r - 5. Give u(-5).
-1
Let k(b) = -2*b**2 + 3*b - 1. Let m be 0 - (-1*22)/(2 - 1). Let j be (-1)/(-2) + 33/m. Give k(j).
-3
Let i(a) = a - 9. Let r be i(9). Let c be 1 + 1 + (0 - -2). Let k(y) = 2*y - c*y + 4*y - y - 9. Calculate k(r).
-9
Suppose 0 = -0*y + 4*y + 28. Let j(w) = -w**2 - 6*w - 7. What is j(y)?
-14
Let x(s) be the second derivative of -9*s**5/20 - s**4/12 + s**3/6 - s**2/2 + 13*s. Let m be (6/(-1))/(-3) + 0. Let v = -1 + m. Determine x(v).
-10
Let c(x) = 3*x**3 - 2*x**2 + 2*x + 1. Let p be c(2). Let s = 22 - p. Suppose -a = s - 2. Let f(b) = 6*b - 1. What is f(a)?
5
Let h(w) = 2*w**2 - 2*w + 1. Let d(g) = -g**2 + g - 1. Let i(f) = -6*d(f) - 4*h(f). Suppose -4*s = 4*z - 24, -2*z + 3 = 2*z - 3*s. What is i(z)?
-10
Let y(i) = -i + 1. Let g(t) = 9*t - 3. Let o(p) = g(p) + 3*y(p). Let j be o(0). Let u(q) = q**3 - q + 10. Give u(j).
10
Suppose -15*g = 349 - 439. Let i(r) = -r**2 + 7*r - 10. Calculate i(g).
-4
Let c be 2/6*(4 + 47). Let t(m) = 36*m - c*m - 1 - 20*m. Determine t(4).
-5
Suppose 4*j + 4 = 20. Suppose 9 = j*u + 5*m - 17, 14 = u + 5*m. Let l(p) be the first derivative of -p**3/3 + 2*p**2 - 1. Give l(u).
0
Suppose 4*f + 14 = u, 102*u + 8 = 106*u - 4*f. Let r(t) = -2 - 4*t - 2*t**2 - t**3 - t**2 + 0*t**2. Determine r(u).
2
Let c(a) be the third derivative of -a**7/840 - a**6/72 - a**5/120 + a**4/8 + a**3/3 - 6*a**2. Let i(q) be the first derivative of c(q). What is i(-4)?
-9
Let t be (-3)/((-24)/(-2)) + 17/4. Let k(f) = 142*f**2 + f - t*f - 143*f**2 + f - 3. Calculate k(-3).
-6
Let r(w) = w**3 - 5*w**2 + 2*w + 3. Let d(o) = -o**2 - 2*o + 7. Let m be d(6). Let f = m - -46. Calculate r(f).
13
Let f(u) = -u**3 - u**2 + 4*u - 1. Let q(s) = s**3 - 8*s**2 + 9*s - 11. Let k be q(7). Let m be (1/k)/((-4)/36). Give f(m).
5
Let i = -11 - -5. Let a(q) = 8*q**2 + 2*q - 7. Let u be a(-3). Let d(r) = 0*r**2 + 8 + r**2 + 53*r - 2*r**2 - u*r. Determine d(i).
8
Let y(j) = -2*j + 169 - 156 + 7*j. Calculate y(-4).
-7
Let r(h) be the second derivative of -h**3/3 - 9*h**2/2 + 501*h. Let j = -7 + 1. Determine r(j).
3
Let i(d) = 69*d + 823. Let a be i(-12). Let w(l) = -1 + 2*l + 7 + 3*l. Determine w(a).
-19
Let r(g) = g**2 - 3*g - 8. Let k be r(4). Let n(p) = 6*p**2 - 3*p - 3. Let j = 1 + 0. Let y(d) = -d - 1. Let m(q) = j*n(q) + k*y(q). Calculate m(-1).
6
Let q(v) = 0*v + v - 2*v + 5*v + 350 - v**2 - 342. Give q(8).
-24
Let t(a) = -4*a**2 - 20*a + 4. Suppose 0 = -4*v + 2*v - 4, i - 13 = 3*v. Let c(y) = 3*y**2 + 14*y - 3. Let m(h) = i*c(h) + 5*t(h). Determine m(3).
2
Let h = 26 - 16. Let v(f) = -7 + 6*f - h - 2*f**2 - 8 + 22. Give v(4).
-11
Let v(w) = -7*w**3 - 13*w**2 - 37*w - 9. Let r(t) = -6*t**3 - 12*t**2 - 32*t - 9. Let i(d) = -6*r(d) + 5*v(d). What is i(-6)?
3
Let n(c) = -5*c + 207. Let p(w) = -3*w + 104. Let g(o) = 6*n(o) - 11*p(o). Let h be g(-31). Let z(a) = -a**3 + 4*a**2 + 5*a + 5. Determine z(h).
5
Let q(x) = -2*x - 3. Let p = -33 + 37. Suppose -l = 4*d - 46 + 5, -7 = -3*d + p*l. Let f(g) = -2*g + 16. Let j be f(d). Give q(j).
1
Let g(n) = n - 10. Suppose -57*k + 378 = -15*k. Determine g(k).
-1
Let x(g) = -2*g + 6. Suppose -60 = -5*k + k. Let c(s) = -k + 11 - 5*s + 16. Let n(j) = -3*c(j) + 7*x(j). Determine n(-4).
2
Let p(k) = 68*k**3 - 5 + 23*k + 74*k**3 + 14*k**2 + 72*k**3 - 213*k**3 - 8. Calculate p(-12).
-1
Let h(n) be the third derivative of -n**9/60480 + n**8/2880 + n**7/720 + n**6/240 - 31*n**5/60 + 16*n**2. Let a(f) be the third derivative of h(f). Give a(8).
-5
Let h = 74 + -59. Let j be (-4)/14 - (-30)/7. Suppose 2*q + h = -3*k, -4*k - j*q + 4 = 28. Let f(r) = -3*r - 1. Calculate f(k).
8
Let o(s) = s**2 + 9*s + 8. Let d be (-3 - (-4 - -2))*-30. Suppose -d = 2*i + 2*i + g, i + 11 = -2*g. What is o(i)?
-6
Let c(n) be the third derivative of -n**5/60 - 11*n**4/12 - 49*n**3/6 + 166*n**2 - 1. Give c(-20).
-9
Let q(b) be the first derivative of b**3/3 - 3*b**2/2 - 2*b + 567. Determine q(2).
-4
Let r(g) = 5*g**2 + 10*g - 6. Let x(n) = 14*n**2 + 29*n - 17. Let w(a) = -17*r(a) + 6*x(a). Calculate w(3).
3
Let h(d) = 4 - d - 4. Let u be (0/1)/(-4 + 6). Let l be 3 - u - -1 - 1. Determine h(l).
-3
Let l(y) = -y**3 - 9*y**2 - 4*y - 29. Let k be l(-9). Suppose 3 = 2*d - 1. Let q(s) = d*s**2 + k*s + 1 + 3 - s**2 + 1. What is q(-5)?
-5
Let o(s) be the third derivative of s**4/6 - 11*s**3/6 - 806*s**2. Determine o(0).
-11
Let g(d) be the third derivative of -1/60*d**5 + 0 + 0*d - 3/8*d**4 + 11*d**2 - 7/6*d**3. Give g(-9).
-7
Let z = 0 + 3. Suppose 5*p - 30 = -5*x, -4*p = x - 14 - 1. Let f(h) = 20 - p*h - 19 - z*h. Give f(-1).
7
Let h(x) = 14*x + 3. Let p(y) = -55*y - 12. Let n(a) = 11*h(a) + 3*p(a). Determine n(-4).
41
Let h(b) = -b + 6. Suppose -23*z + 6 = -21*z. Suppose 0 = -z*p - 6 + 21. Determine h(p).
1
Suppose 6*p = -1 - 23. Let g(j) = -j**2 - j - 4. Let z(w) = w - 1. Let q be ((-2)/(-4))/(3/(-6)). Let m(h) = q*g(h) + 2*z(h). Give m(p).
6
Let x be 1/((-12)/(-4)) + 361/(-57). Let u(i) = -2*i**2 - 9*i - 3. What is u(x)?
-21
Suppose -38 = -17*t + 64. Let o(i) = 3*i - 7. What is o(t)?
11
Let s(h) = -h - 2. Let n(p) = -p - 12. Let i(l) = -n(l) + 3*s(l). Calculate i(5).
-4
Let z(j) = -14*j**2 - j - 2. Let s(a) = -31*a**2 - 3*a - 4. Let r(d) = -4*s(d) + 9*z(d). Let f(l) = 2*l - 7. Let h be f(5). Calculate r(h).
-11
Let p(a) = 5*a - 41 + 4*a + 81 - 37. Give p(4).
39
Let x(t) = t + 10. Let g(o) = 33*o - 59. Let z be g(2). Calculate x(z).
17
Let k = 2066 - 2052. Let q(u) = 7*u - 104. What is q(k)?
-6
Suppose 6 = -m - 4*z + 16, -m = -2*z + 8. Let n = 77 - 84. Let p = n - m. Let o(f) = -f**3 - 4*f**2 + 5*f. What is o(p)?
0
Let f(b) = -5*b - 4. Let c(z) = 2*z**3